{"id":541,"date":"2023-06-03T03:35:28","date_gmt":"2023-06-03T03:35:28","guid":{"rendered":"https:\/\/asocimagina.tiendaonlineconfactusol.com\/?page_id=541"},"modified":"2024-03-15T12:24:49","modified_gmt":"2024-03-15T12:24:49","slug":"plazas-activas-proyectos-de-envio","status":"publish","type":"page","link":"https:\/\/asociacionimagina.com\/index.php\/plazas-activas-proyectos-de-envio\/","title":{"rendered":"Plazas Activas Proyectos de Env\u00edo"},"content":{"rendered":"\t\t<div data-elementor-type=\"wp-page\" data-elementor-id=\"541\" class=\"elementor elementor-541\" data-elementor-post-type=\"page\">\n\t\t\t\t\t\t<header class=\"elementor-section elementor-top-section elementor-element elementor-element-5b1f9bb1 elementor-section-height-min-height elementor-section-items-bottom elementor-section-boxed elementor-section-height-default\" data-id=\"5b1f9bb1\" data-element_type=\"section\" data-e-type=\"section\" data-settings=\"{&quot;background_background&quot;:&quot;classic&quot;}\">\n\t\t\t\t\t\t\t<div class=\"elementor-background-overlay\"><\/div>\n\t\t\t\t\t\t\t<div class=\"elementor-container elementor-column-gap-wider\">\n\t\t\t\t\t<div class=\"elementor-column elementor-col-50 elementor-top-column elementor-element elementor-element-6a8cc977\" data-id=\"6a8cc977\" data-element_type=\"column\" data-e-type=\"column\">\n\t\t\t<div class=\"elementor-widget-wrap elementor-element-populated\">\n\t\t\t\t\t\t<div class=\"elementor-element elementor-element-13d92ac6 elementor-widget elementor-widget-heading\" data-id=\"13d92ac6\" data-element_type=\"widget\" data-e-type=\"widget\" data-widget_type=\"heading.default\">\n\t\t\t\t<div class=\"elementor-widget-container\">\n\t\t\t\t\t<h1 class=\"elementor-heading-title elementor-size-default\">Plazas Activas Proyectos de Env\u00edo<\/h1>\t\t\t\t<\/div>\n\t\t\t\t<\/div>\n\t\t\t\t\t<\/div>\n\t\t<\/div>\n\t\t\t\t<div class=\"elementor-column elementor-col-50 elementor-top-column elementor-element elementor-element-678f39b8 elementor-invisible\" data-id=\"678f39b8\" data-element_type=\"column\" data-e-type=\"column\" data-settings=\"{&quot;background_background&quot;:&quot;classic&quot;,&quot;animation&quot;:&quot;fadeIn&quot;}\">\n\t\t\t<div class=\"elementor-widget-wrap\">\n\t\t\t\t\t\t\t<\/div>\n\t\t<\/div>\n\t\t\t\t\t<\/div>\n\t\t<\/header>\n\t\t\t\t<section class=\"elementor-section elementor-top-section elementor-element elementor-element-2f2a46fb elementor-section-content-middle elementor-section-boxed elementor-section-height-default elementor-section-height-default\" data-id=\"2f2a46fb\" data-element_type=\"section\" data-e-type=\"section\" data-settings=\"{&quot;background_background&quot;:&quot;classic&quot;}\">\n\t\t\t\t\t\t\t<div class=\"elementor-background-overlay\"><\/div>\n\t\t\t\t\t\t\t<div class=\"elementor-container elementor-column-gap-no\">\n\t\t\t\t\t<div class=\"elementor-column elementor-col-100 elementor-top-column elementor-element elementor-element-38521355\" data-id=\"38521355\" data-element_type=\"column\" data-e-type=\"column\">\n\t\t\t<div class=\"elementor-widget-wrap elementor-element-populated\">\n\t\t\t\t\t\t<section class=\"elementor-section elementor-inner-section elementor-element elementor-element-40ee9213 elementor-section-boxed elementor-section-height-default elementor-section-height-default\" data-id=\"40ee9213\" data-element_type=\"section\" data-e-type=\"section\">\n\t\t\t\t\t\t<div class=\"elementor-container elementor-column-gap-extended\">\n\t\t\t\t\t<div class=\"elementor-column elementor-col-100 elementor-inner-column elementor-element elementor-element-7c46cbe7\" data-id=\"7c46cbe7\" data-element_type=\"column\" data-e-type=\"column\">\n\t\t\t<div class=\"elementor-widget-wrap elementor-element-populated\">\n\t\t\t\t\t\t<div class=\"elementor-element elementor-element-17e72ffc elementor-widget elementor-widget-spacer\" data-id=\"17e72ffc\" data-element_type=\"widget\" data-e-type=\"widget\" data-widget_type=\"spacer.default\">\n\t\t\t\t<div class=\"elementor-widget-container\">\n\t\t\t\t\t\t\t<div class=\"elementor-spacer\">\n\t\t\t<div class=\"elementor-spacer-inner\"><\/div>\n\t\t<\/div>\n\t\t\t\t\t\t<\/div>\n\t\t\t\t<\/div>\n\t\t\t\t<div class=\"elementor-element elementor-element-603da6fd elementor-drop-cap-yes elementor-drop-cap-view-stacked elementor-widget elementor-widget-text-editor\" data-id=\"603da6fd\" data-element_type=\"widget\" data-e-type=\"widget\" data-settings=\"{&quot;drop_cap&quot;:&quot;yes&quot;}\" data-widget_type=\"text-editor.default\">\n\t\t\t\t<div class=\"elementor-widget-container\">\n\t\t\t\t\t\t\t\t\t<p>ERASMUS + es un programa de la Uni\u00f3n Europea que permite que j\u00f3venes de diferentes pa\u00edses se encuentren para tratar temas claves para la juventud, aprendiendo e intercambiando culturas al mismo tiempo que se aprenden idiomas y competencias claves.<\/p>\t\t\t\t\t\t\t\t<\/div>\n\t\t\t\t<\/div>\n\t\t\t\t<div class=\"elementor-element elementor-element-6c765c62 elementor-widget elementor-widget-text-editor\" data-id=\"6c765c62\" data-element_type=\"widget\" data-e-type=\"widget\" data-widget_type=\"text-editor.default\">\n\t\t\t\t<div class=\"elementor-widget-container\">\n\t\t\t\t\t\t\t\t\t<p><span style=\"font-weight: 400;\">En el \u00e1mbito internacional trabajamos principalmente con dos programas europeos para la movilidad juvenil, ERASMUS + y el CUERPO EUROPEO DE SOLIDARIDAD.&nbsp;<\/span><\/p>\n<p><span style=\"font-style: inherit; color: var(--ast-global-color-3);\">El CUERPO EUROPEO DE SOLIDARIDAD (CES o ESC por sus siglas en ingl\u00e9s) es un programa europeo para el fomento del voluntariado, la solidaridad, el aprendizaje y formaci\u00f3n en valores claves de la UE y el desarrollo de competencias claves.&nbsp;<\/span><\/p>\n<p><span style=\"font-weight: 400;\">Cualquier persona joven puede participar, no importa si est\u00e1 estudiando, trabajando o ninguna de ambas. El \u00fanico requisito es respetar la edad de cada proyecto y programa y tener motivaci\u00f3n para participar.<\/span><\/p>\n<p><span style=\"font-weight: 400;\">La diferencia entre los tipos de proyecto:<\/span><\/p>\n<p><b>INTERCAMBIO JUVENIL:<\/b><span style=\"font-weight: 400;\"> participa un grupo de j\u00f3venes de entre 6 y 8 personas, algunas personas pueden ser menores de edad (ver las edades en cada proyecto). Van acompa\u00f1adas de una persona l\u00edder mayor de edad que tiene m\u00e1s experiencia y apoya al grupo en todo lo necesario. El principal objetivo es relacionarte con j\u00f3venes de otros lugares, perder el miedo a viajar y al ingl\u00e9s, no te preocupes si no tienes experiencia previa, \u00a1el objetivo es que te atrevas a dar el paso! No hay l\u00edmite en el n\u00famero de veces que se puede participar.<\/span><\/p>\n<p><b>CURSO DE FORMACI\u00d3N:<\/b><span style=\"font-weight: 400;\"> participan 2\/3 personas por pa\u00eds, mayores de 18 a\u00f1os, que tengan relaci\u00f3n con el trabajo con j\u00f3venes y con experiencia e inter\u00e9s en el \u00e1mbito. Se necesita un nivel alto de ingl\u00e9s (al menos b2) y capacidad para viajar solo\/a y representar a la entidad en el proyecto. No hay l\u00edmite en el n\u00famero de veces que se puede participar.<\/span><\/p>\n<p><b>VOLUNTARIADO DEL CES<\/b><span style=\"font-weight: 400;\">: pueden participar j\u00f3venes de 18 a 30 a\u00f1os y existen diferentes modalidades seg\u00fan la duraci\u00f3n del proyecto y el n\u00famero de participantes:&nbsp;<\/span><\/p>\n<p><span style=\"font-weight: 400;\">-PROYECTOS INDIVIDUALES DE LARGA DURACI\u00d3N: son proyectos que duran de 2 a 12 meses en los que una persona realiza una labor voluntaria y solidaria en una organizaci\u00f3n sin \u00e1nimo de lucro en otro pa\u00eds. Se pueden realizar solo una vez en la vida. Una vez se ha realizado un proyecto de larga duraci\u00f3n individual, no se pueden hacer proyectos de corta duraci\u00f3n individual.&nbsp;<\/span><\/p>\n<p><span style=\"font-weight: 400;\">-PROYECTOS INDIVIDUALES DE CORTA DURACI\u00d3N: son proyectos que duran de 2 semanas a 2 meses,&nbsp; en los que una persona realiza una labor voluntaria y solidaria en una organizaci\u00f3n sin \u00e1nimo de lucro en otro pa\u00eds. Se pueden realizar solo antes de realizar un proyecto individual de larga duraci\u00f3n, siendo el l\u00edmite de duraci\u00f3n total entre ambos 14 meses.<\/span><\/p>\n<p><span style=\"font-weight: 400;\">-PROYECTOS EN EQUIPO DE CORTA DURACI\u00d3N: son proyectos que duran de 2 semanas a 2 meses,&nbsp; en los que un GRUPO DE PERSONAS de un mismo pa\u00eds realiza una labor voluntaria y solidaria en una organizaci\u00f3n sin \u00e1nimo de lucro en otro pa\u00eds, junto a grupos de personas de varios pa\u00edses. Se pueden realizar varias veces en la vida.<\/span><\/p>\n<p><span style=\"font-weight: 400;\">Para m\u00e1s informaci\u00f3n y dudas, puedes contactarnos en cualquier momento en este email: esc.imagina@gmail.com<\/span><\/p>\n<p><span style=\"font-weight: 400;\">En <\/span><b>IMAGINA<\/b><span style=\"font-weight: 400;\"> promovemos los proyectos de ERASMUS + y CES y actualmente tenemos estos proyectos disponibles.<\/span><\/p>\t\t\t\t\t\t\t\t<\/div>\n\t\t\t\t<\/div>\n\t\t\t\t\t<\/div>\n\t\t<\/div>\n\t\t\t\t\t<\/div>\n\t\t<\/section>\n\t\t\t\t\t<\/div>\n\t\t<\/div>\n\t\t\t\t\t<\/div>\n\t\t<\/section>\n\t\t\t\t<\/div>\n\t\t","protected":false},"excerpt":{"rendered":"<p>ERASMUS + es un programa de la Uni\u00f3n Europea que permite que j\u00f3venes de diferentes pa\u00edses se encuentren para tratar temas claves para la juventud, aprendiendo e intercambiando culturas al mismo tiempo que se aprenden idiomas y competencias claves. En el \u00e1mbito internacional trabajamos principalmente con dos programas europeos para la movilidad juvenil, ERASMUS + [&hellip;]<\/p>\n","protected":false},"author":1,"featured_media":0,"parent":0,"menu_order":0,"comment_status":"closed","ping_status":"closed","template":"","meta":{"site-sidebar-layout":"no-sidebar","site-content-layout":"page-builder","ast-site-content-layout":"default","site-content-style":"default","site-sidebar-style":"default","ast-global-header-display":"","ast-banner-title-visibility":"","ast-main-header-display":"","ast-hfb-above-header-display":"","ast-hfb-below-header-display":"","ast-hfb-mobile-header-display":"","site-post-title":"disabled","ast-breadcrumbs-content":"","ast-featured-img":"disabled","footer-sml-layout":"","ast-disable-related-posts":"","theme-transparent-header-meta":"","adv-header-id-meta":"","stick-header-meta":"","header-above-stick-meta":"","header-main-stick-meta":"","header-below-stick-meta":"","astra-migrate-meta-layouts":"default","ast-page-background-enabled":"default","ast-page-background-meta":{"desktop":{"background-color":"var(--ast-global-color-4)","background-image":"","background-repeat":"repeat","background-position":"center center","background-size":"auto","background-attachment":"scroll","background-type":"","background-media":"","overlay-type":"","overlay-color":"","overlay-opacity":"","overlay-gradient":""},"tablet":{"background-color":"","background-image":"","background-repeat":"repeat","background-position":"center center","background-size":"auto","background-attachment":"scroll","background-type":"","background-media":"","overlay-type":"","overlay-color":"","overlay-opacity":"","overlay-gradient":""},"mobile":{"background-color":"","background-image":"","background-repeat":"repeat","background-position":"center center","background-size":"auto","background-attachment":"scroll","background-type":"","background-media":"","overlay-type":"","overlay-color":"","overlay-opacity":"","overlay-gradient":""}},"ast-content-background-meta":{"desktop":{"background-color":"var(--ast-global-color-5)","background-image":"","background-repeat":"repeat","background-position":"center center","background-size":"auto","background-attachment":"scroll","background-type":"","background-media":"","overlay-type":"","overlay-color":"","overlay-opacity":"","overlay-gradient":""},"tablet":{"background-color":"var(--ast-global-color-5)","background-image":"","background-repeat":"repeat","background-position":"center center","background-size":"auto","background-attachment":"scroll","background-type":"","background-media":"","overlay-type":"","overlay-color":"","overlay-opacity":"","overlay-gradient":""},"mobile":{"background-color":"var(--ast-global-color-5)","background-image":"","background-repeat":"repeat","background-position":"center center","background-size":"auto","background-attachment":"scroll","background-type":"","background-media":"","overlay-type":"","overlay-color":"","overlay-opacity":"","overlay-gradient":""}},"footnotes":""},"class_list":["post-541","page","type-page","status-publish","hentry"],"_links":{"self":[{"href":"https:\/\/asociacionimagina.com\/index.php\/wp-json\/wp\/v2\/pages\/541","targetHints":{"allow":["GET"]}}],"collection":[{"href":"https:\/\/asociacionimagina.com\/index.php\/wp-json\/wp\/v2\/pages"}],"about":[{"href":"https:\/\/asociacionimagina.com\/index.php\/wp-json\/wp\/v2\/types\/page"}],"author":[{"embeddable":true,"href":"https:\/\/asociacionimagina.com\/index.php\/wp-json\/wp\/v2\/users\/1"}],"replies":[{"embeddable":true,"href":"https:\/\/asociacionimagina.com\/index.php\/wp-json\/wp\/v2\/comments?post=541"}],"version-history":[{"count":11,"href":"https:\/\/asociacionimagina.com\/index.php\/wp-json\/wp\/v2\/pages\/541\/revisions"}],"predecessor-version":[{"id":1005,"href":"https:\/\/asociacionimagina.com\/index.php\/wp-json\/wp\/v2\/pages\/541\/revisions\/1005"}],"wp:attachment":[{"href":"https:\/\/asociacionimagina.com\/index.php\/wp-json\/wp\/v2\/media?parent=541"}],"curies":[{"name":"wp","href":"https:\/\/api.w.org\/{rel}","templated":true}]}}